{"id":2713,"date":"2019-05-10T17:35:04","date_gmt":"2019-05-10T15:35:04","guid":{"rendered":"https:\/\/flomoncenis.com\/blog\/mariage\/?page_id=2713"},"modified":"2019-05-14T16:01:50","modified_gmt":"2019-05-14T14:01:50","slug":"prestations-et-tarifs","status":"publish","type":"page","link":"https:\/\/flomoncenis.com\/blog\/mariage\/prestations-et-tarifs\/","title":{"rendered":"PRESTATIONS ET TARIFS"},"content":{"rendered":"<p>[et_pb_section fb_built=\u00a0\u00bb1&Prime; _builder_version=\u00a0\u00bb3.22.7&Prime; background_image=\u00a0\u00bbhttps:\/\/flomoncenis.com\/blog\/mariage\/wp-content\/uploads\/sites\/2\/2019\/05\/barreverte1280.png\u00a0\u00bb background_size=\u00a0\u00bbinitial\u00a0\u00bb background_position=\u00a0\u00bbtop_left\u00a0\u00bb custom_padding=\u00a0\u00bb||12px|||\u00a0\u00bb global_module=\u00a0\u00bb2523&Prime; saved_tabs=\u00a0\u00bball\u00a0\u00bb][et_pb_row custom_padding=\u00a0\u00bb|||0px||\u00a0\u00bb _builder_version=\u00a0\u00bb3.22.7&Prime;][et_pb_column type=\u00a0\u00bb3_5&Prime; _builder_version=\u00a0\u00bb3.22.7&Prime;][et_pb_image src=\u00a0\u00bbhttps:\/\/flomoncenis.com\/blog\/mariage\/wp-content\/uploads\/sites\/2\/2019\/05\/logovert.png\u00a0\u00bb url=\u00a0\u00bb@ET-DC@eyJkeW5hbWljIjp0cnVlLCJjb250ZW50IjoiaG9tZV91cmwiLCJzZXR0aW5ncyI6e319@\u00a0\u00bb _builder_version=\u00a0\u00bb3.22.7&Prime; _dynamic_attributes=\u00a0\u00bburl\u00a0\u00bb width=\u00a0\u00bb300px\u00a0\u00bb width_last_edited=\u00a0\u00bbon|phone\u00a0\u00bb custom_margin=\u00a0\u00bb|||0px||\u00a0\u00bb][\/et_pb_image][\/et_pb_column][et_pb_column type=\u00a0\u00bb1_5&Prime; _builder_version=\u00a0\u00bb3.22.7&Prime;][et_pb_image src=\u00a0\u00bbhttps:\/\/flomoncenis.com\/blog\/mariage\/wp-content\/uploads\/sites\/2\/2019\/05\/icone.png\u00a0\u00bb align=\u00a0\u00bbright\u00a0\u00bb disabled_on=\u00a0\u00bbon|on|off\u00a0\u00bb _builder_version=\u00a0\u00bb3.22.7&Prime; width=\u00a0\u00bb130px\u00a0\u00bb width_tablet=\u00a0\u00bb130px\u00a0\u00bb width_phone=\u00a0\u00bb130px\u00a0\u00bb width_last_edited=\u00a0\u00bbon|phone\u00a0\u00bb custom_margin_phone=\u00a0\u00bb0px||0px|0px\u00a0\u00bb custom_margin_last_edited=\u00a0\u00bbon|desktop\u00a0\u00bb width__hover_enabled=\u00a0\u00bbon\u00a0\u00bb][\/et_pb_image][\/et_pb_column][et_pb_column type=\u00a0\u00bb1_5&Prime; _builder_version=\u00a0\u00bb3.22.7&Prime;][et_pb_text disabled_on=\u00a0\u00bbon|on|off\u00a0\u00bb _builder_version=\u00a0\u00bb3.22.7&Prime; text_font=\u00a0\u00bbAbel||||||||\u00a0\u00bb text_font_size_last_edited=\u00a0\u00bbon|desktop\u00a0\u00bb header_font=\u00a0\u00bb||||||||\u00a0\u00bb custom_margin=\u00a0\u00bb|||-80px\u00a0\u00bb custom_margin_phone=\u00a0\u00bb0px|||0px\u00a0\u00bb custom_margin_last_edited=\u00a0\u00bbon|phone\u00a0\u00bb]<\/p>\n<p><a href=\"https:\/\/flomoncenis.com\/blog\/mariage\/portfolio\/\">PORTFOLIO<\/a><br \/> <a href=\"https:\/\/flomoncenis.com\/blog\/mariage\/approche\/\">APPROCHE<\/a><br \/> <a href=\"https:\/\/flomoncenis.com\/blog\/mariage\/stories\/\">STORIES<\/a><br \/> <a href=\"https:\/\/flomoncenis.com\/blog\/mariage\/photo-diary\/\">PHOTO DIARY<\/a><br \/> <a href=\"https:\/\/flomoncenis.com\/blog\/mariage\/prestations-et-tarifs\/\">PRESTATIONS ET TARIFS<br \/><\/a><a href=\"https:\/\/flomoncenis.com\/blog\/mariage\/temoignages\/\">TEMOIGNAGES<\/a><a href=\"https:\/\/flomoncenis.com\/blog\/mariage\/prestations-et-tarifs\/\"><\/a><br \/> <a href=\"https:\/\/flomoncenis.com\/gallery\/\" target=\"_blank\" rel=\"noopener noreferrer\">ACCES CLIENTS<\/a><\/p>\n<p>[\/et_pb_text][\/et_pb_column][\/et_pb_row][\/et_pb_section][et_pb_section fb_built=\u00a0\u00bb1&Prime; _builder_version=\u00a0\u00bb3.22.7&Prime; background_image=\u00a0\u00bbhttps:\/\/flomoncenis.com\/blog\/mariage\/wp-content\/uploads\/sites\/2\/2019\/05\/barreverte1280.png\u00a0\u00bb background_size=\u00a0\u00bbinitial\u00a0\u00bb background_position=\u00a0\u00bbtop_left\u00a0\u00bb custom_margin_tablet=\u00a0\u00bb-49px||\u00a0\u00bb custom_margin_phone=\u00a0\u00bb0px||\u00a0\u00bb custom_margin_last_edited=\u00a0\u00bbon|phone\u00a0\u00bb custom_padding=\u00a0\u00bb2px|||||\u00a0\u00bb][et_pb_row custom_margin=\u00a0\u00bb||19px\u00a0\u00bb _builder_version=\u00a0\u00bb3.22.7&Prime; custom_margin_last_edited=\u00a0\u00bbon|desktop\u00a0\u00bb][et_pb_column type=\u00a0\u00bb4_4&Prime; _builder_version=\u00a0\u00bb3.22.7&Prime;][et_pb_image src=\u00a0\u00bbhttps:\/\/flomoncenis.com\/blog\/mariage\/wp-content\/uploads\/sites\/2\/2019\/05\/tarifs_prestations.png\u00a0\u00bb _builder_version=\u00a0\u00bb3.22.7&Prime; width=\u00a0\u00bb300px\u00a0\u00bb width_phone=\u00a0\u00bb98%\u00a0\u00bb width_last_edited=\u00a0\u00bbon|desktop\u00a0\u00bb][\/et_pb_image][\/et_pb_column][\/et_pb_row][et_pb_row _builder_version=\u00a0\u00bb3.22.7&Prime; background_color_1=\u00a0\u00bb#a1c1b8&Prime; custom_padding=\u00a0\u00bb0px|0px|0px|0px\u00a0\u00bb padding_top_1=\u00a0\u00bb5px\u00a0\u00bb padding_right_1=\u00a0\u00bb5px\u00a0\u00bb padding_bottom_1=\u00a0\u00bb5px\u00a0\u00bb padding_left_1=\u00a0\u00bb5px\u00a0\u00bb][et_pb_column type=\u00a0\u00bb1_2&Prime; _builder_version=\u00a0\u00bb3.22.7&Prime;][et_pb_text hover_enabled=\u00a0\u00bb0&Prime; text_font_size=\u00a0\u00bb26px\u00a0\u00bb _builder_version=\u00a0\u00bb3.22.7&Prime; text_font=\u00a0\u00bb||||||||\u00a0\u00bb text_font_size_last_edited=\u00a0\u00bbon|phone\u00a0\u00bb text_text_color=\u00a0\u00bb#ffffff\u00a0\u00bb custom_padding_last_edited=\u00a0\u00bbon|phone\u00a0\u00bb custom_padding=\u00a0\u00bb5px|5px|5px|5px\u00a0\u00bb custom_margin=\u00a0\u00bb0px|0px|0px|0px\u00a0\u00bb]<\/p>\n<p><strong>REPORTAGE PHOTOS DE MARIAGE<\/strong><\/p>\n<p>[\/et_pb_text][\/et_pb_column][et_pb_column type=\u00a0\u00bb1_2&Prime; _builder_version=\u00a0\u00bb3.22.7&Prime;][\/et_pb_column][\/et_pb_row][et_pb_row custom_padding=\u00a0\u00bb|0px||\u00a0\u00bb custom_padding_tablet=\u00a0\u00bb|96px||\u00a0\u00bb custom_padding_phone=\u00a0\u00bb|151px||\u00a0\u00bb custom_margin=\u00a0\u00bb22px|||\u00a0\u00bb custom_padding_last_edited=\u00a0\u00bbon|desktop\u00a0\u00bb _builder_version=\u00a0\u00bb3.22.7&Prime; custom_margin_tablet=\u00a0\u00bb-47px|||52px\u00a0\u00bb custom_margin_phone=\u00a0\u00bb30px||\u00a0\u00bb custom_margin_last_edited=\u00a0\u00bbon|phone\u00a0\u00bb][et_pb_column type=\u00a0\u00bb4_4&Prime; _builder_version=\u00a0\u00bb3.22.7&Prime;][et_pb_text _builder_version=\u00a0\u00bb3.22.7&Prime; text_font=\u00a0\u00bb||||||||\u00a0\u00bb text_orientation=\u00a0\u00bbjustified\u00a0\u00bb custom_margin=\u00a0\u00bb-31px||-42px|||\u00a0\u00bb custom_margin_tablet=\u00a0\u00bb|-160px||\u00a0\u00bb custom_margin_last_edited=\u00a0\u00bbon|phone\u00a0\u00bb custom_padding=\u00a0\u00bb|0px|0px|||\u00a0\u00bb]<\/p>\n<p style=\"text-align: justify;\">D\u00e9barrassons nous tout de suite de cette question qui emp\u00eache de penser \u00e0 l\u2019essentiel : <strong>le prix d\u2019un reportage d\u2019un mariage sur une journ\u00e9e est de 1 890 euros<\/strong> (hors frais de d\u00e9placement et h\u00e9bergement si le mariage se d\u00e9roule en dehors de la r\u00e9gion parisienne).<br \/> Je propose aussi des reportages pour des temps plus courts et des temps plus longs.<br \/> Pour en savoir plus, envoyez moi un petit message !<\/p>\n<p><strong>J\u2019adore voyager, peut \u00eatre comme vous ?<\/strong><br \/> Si votre mariage se d\u00e9roule en dehors de l\u2019hexagone, sachez que j\u2019appr\u00e9cie d\u2019arriver au moins un jour avant le mariage sur le lieu, voir plus si c\u2019est possible. Nous pourrons discuter des questions pratiques ensemble.<\/p>\n<p>Je garde du temps pour d\u2019autres projets photos, pour nourrir ma cr\u00e9ativit\u00e9 et mon inspiration, aussi <strong>n\u2019h\u00e9sitez pas \u00e0 me contacter le plus t\u00f4t possible pour votre mariage.<\/strong><\/p>\n<p>&nbsp;<\/p>\n<p>[\/et_pb_text][\/et_pb_column][\/et_pb_row][et_pb_row _builder_version=\u00a0\u00bb3.22.7&Prime; background_color_1=\u00a0\u00bb#D83931&Prime; custom_padding=\u00a0\u00bb0px|0px|0px|0px\u00a0\u00bb padding_top_1=\u00a0\u00bb5px\u00a0\u00bb padding_right_1=\u00a0\u00bb5px\u00a0\u00bb padding_bottom_1=\u00a0\u00bb5px\u00a0\u00bb padding_left_1=\u00a0\u00bb5px\u00a0\u00bb][et_pb_column type=\u00a0\u00bb1_2&Prime; _builder_version=\u00a0\u00bb3.22.7&Prime;][et_pb_text hover_enabled=\u00a0\u00bb0&Prime; text_font_size=\u00a0\u00bb26px\u00a0\u00bb _builder_version=\u00a0\u00bb3.22.7&Prime; text_font=\u00a0\u00bb||||||||\u00a0\u00bb text_font_size_last_edited=\u00a0\u00bbon|phone\u00a0\u00bb text_text_color=\u00a0\u00bb#ffffff\u00a0\u00bb custom_padding_last_edited=\u00a0\u00bbon|phone\u00a0\u00bb custom_padding=\u00a0\u00bb5px|5px|5px|5px\u00a0\u00bb custom_margin=\u00a0\u00bb0px|0px|0px|0px\u00a0\u00bb]<\/p>\n<p><strong>REPORTAGE PHOTOS DU QUOTIDIEN<\/strong><\/p>\n<p>[\/et_pb_text][\/et_pb_column][et_pb_column type=\u00a0\u00bb1_2&Prime; _builder_version=\u00a0\u00bb3.22.7&Prime;][\/et_pb_column][\/et_pb_row][et_pb_row custom_margin=\u00a0\u00bb0px|auto||auto||\u00a0\u00bb _builder_version=\u00a0\u00bb3.22.7&Prime; custom_margin_tablet=\u00a0\u00bb-111px|||47px\u00a0\u00bb custom_margin_last_edited=\u00a0\u00bbon|tablet\u00a0\u00bb][et_pb_column type=\u00a0\u00bb4_4&Prime; _builder_version=\u00a0\u00bb3.22.7&Prime;][et_pb_text _builder_version=\u00a0\u00bb3.22.7&Prime; custom_margin=\u00a0\u00bb0px|0px||||\u00a0\u00bb]<\/p>\n<p>Si vous \u00eates en qu\u00eate d\u2019id\u00e9e de cadeau pour une naissance ou une f\u00eate (No\u00ebl, f\u00eate des m\u00e8res, des p\u00e8res), sachez que je r\u00e9alise aussi des reportages documentaires de familles :<br \/> je vous suis dans votre quotidien pendant une journ\u00e9e ou une apr\u00e8s-midi, chez vous et \/ ou dans un lieu qui vous est personnel et met en boite votre petite famille ! Des souvenirs \u00e0 partager de g\u00e9n\u00e9ration en g\u00e9n\u00e9ration !<\/p>\n<p>[\/et_pb_text][\/et_pb_column][\/et_pb_row][et_pb_row _builder_version=\u00a0\u00bb3.22.7&Prime;][et_pb_column type=\u00a0\u00bb4_4&Prime; _builder_version=\u00a0\u00bb3.22.7&Prime;][et_pb_button button_url=\u00a0\u00bbhttps:\/\/flomoncenis.com\/blog\/mariage\/contact\/\u00a0\u00bb button_text=\u00a0\u00bbCONTACT\u00a0\u00bb button_alignment=\u00a0\u00bbcenter\u00a0\u00bb _builder_version=\u00a0\u00bb3.22.7&Prime; custom_button=\u00a0\u00bbon\u00a0\u00bb button_text_color=\u00a0\u00bb#ffffff\u00a0\u00bb button_font=\u00a0\u00bb||||||||\u00a0\u00bb custom_margin=\u00a0\u00bb33px||\u00a0\u00bb][\/et_pb_button][\/et_pb_column][\/et_pb_row][\/et_pb_section][et_pb_section fb_built=\u00a0\u00bb1&Prime; _builder_version=\u00a0\u00bb3.22.7&Prime; background_color=\u00a0\u00bb#e8f4f1&Prime; min_height=\u00a0\u00bb297px\u00a0\u00bb custom_margin=\u00a0\u00bb0px|||||\u00a0\u00bb global_module=\u00a0\u00bb2555&Prime; saved_tabs=\u00a0\u00bball\u00a0\u00bb][et_pb_row _builder_version=\u00a0\u00bb3.22.7&Prime;][et_pb_column type=\u00a0\u00bb1_3&Prime; _builder_version=\u00a0\u00bb3.22.7&Prime;][et_pb_image src=\u00a0\u00bbhttps:\/\/flomoncenis.com\/blog\/mariage\/wp-content\/uploads\/sites\/2\/2019\/05\/logovert.png\u00a0\u00bb _builder_version=\u00a0\u00bb3.22.7&Prime; width=\u00a0\u00bb250px\u00a0\u00bb][\/et_pb_image][\/et_pb_column][et_pb_column type=\u00a0\u00bb1_3&Prime; _builder_version=\u00a0\u00bb3.22.7&Prime;][et_pb_social_media_follow _builder_version=\u00a0\u00bb3.22.7&Prime; text_orientation=\u00a0\u00bbcenter\u00a0\u00bb custom_margin=\u00a0\u00bb38px||\u00a0\u00bb custom_margin_last_edited=\u00a0\u00bbon|phone\u00a0\u00bb][et_pb_social_media_follow_network social_network=\u00a0\u00bbfacebook\u00a0\u00bb url=\u00a0\u00bbhttps:\/\/www.facebook.com\/flomoncenisphotography\u00a0\u00bb _builder_version=\u00a0\u00bb3.22.7&Prime; background_color=\u00a0\u00bb#d83931&Prime; follow_button=\u00a0\u00bboff\u00a0\u00bb url_new_window=\u00a0\u00bbon\u00a0\u00bb]facebook[\/et_pb_social_media_follow_network][et_pb_social_media_follow_network social_network=\u00a0\u00bbpinterest\u00a0\u00bb url=\u00a0\u00bbhttps:\/\/www.pinterest.fr\/flomoncenis\/\u00a0\u00bb _builder_version=\u00a0\u00bb3.22.7&Prime; background_color=\u00a0\u00bb#d83931&Prime; follow_button=\u00a0\u00bboff\u00a0\u00bb url_new_window=\u00a0\u00bbon\u00a0\u00bb]pinterest[\/et_pb_social_media_follow_network][et_pb_social_media_follow_network social_network=\u00a0\u00bbinstagram\u00a0\u00bb url=\u00a0\u00bbhttps:\/\/www.instagram.com\/flo_moncenis\/\u00a0\u00bb _builder_version=\u00a0\u00bb3.22.7&Prime; background_color=\u00a0\u00bb#d83931&Prime; follow_button=\u00a0\u00bboff\u00a0\u00bb url_new_window=\u00a0\u00bbon\u00a0\u00bb]instagram[\/et_pb_social_media_follow_network][\/et_pb_social_media_follow][\/et_pb_column][et_pb_column type=\u00a0\u00bb1_3&Prime; _builder_version=\u00a0\u00bb3.22.7&Prime;][et_pb_text _builder_version=\u00a0\u00bb3.22.7&Prime; text_font=\u00a0\u00bb||||||||\u00a0\u00bb custom_margin=\u00a0\u00bb20px||\u00a0\u00bb custom_margin_tablet=\u00a0\u00bb0px|||95px\u00a0\u00bb custom_margin_phone=\u00a0\u00bb|||1px\u00a0\u00bb custom_margin_last_edited=\u00a0\u00bbon|phone\u00a0\u00bb]<\/p>\n<p><span style=\"color: #333333;\"><a href=\"https:\/\/flomoncenis.com\/blog\/mariage\/liens-et-partenaires\/\" target=\"_blank\" rel=\"noopener noreferrer\" style=\"color: #333333;\">Partenaires<\/a><\/span><br \/><span style=\"color: #333333;\"> <a href=\"https:\/\/flomoncenis.com\/blog\/mariage\/copyright-mentions-legales\/\" target=\"_blank\" rel=\"noopener noreferrer\" style=\"color: #333333;\">Mentions l\u00e9gales<\/a><\/span><br \/><span style=\"color: #333333;\"> <a href=\"https:\/\/flomoncenis.com\/blog\/mariage\/politique-de-confidentialite\/\" target=\"_blank\" rel=\"noopener noreferrer\" style=\"color: #333333;\">Politique de confidentialit\u00e9<\/a><\/span><\/p>\n<p>[\/et_pb_text][\/et_pb_column][\/et_pb_row][\/et_pb_section]<\/p>\n","protected":false},"excerpt":{"rendered":"<p>PORTFOLIO APPROCHE STORIES PHOTO DIARY PRESTATIONS ET TARIFSTEMOIGNAGES ACCES CLIENTSREPORTAGE PHOTOS DE MARIAGE D\u00e9barrassons nous tout de suite de cette question qui emp\u00eache de penser \u00e0 l\u2019essentiel : le prix d\u2019un reportage d\u2019un mariage sur une journ\u00e9e est de 1 890 euros (hors frais de d\u00e9placement et h\u00e9bergement si le mariage se d\u00e9roule en dehors [&hellip;]<\/p>\n","protected":false},"author":5,"featured_media":0,"parent":0,"menu_order":0,"comment_status":"closed","ping_status":"closed","template":"","meta":{"_et_pb_use_builder":"on","_et_pb_old_content":"","_et_gb_content_width":""},"yoast_head":"<!-- This site is optimized with the Yoast SEO plugin v19.8 - https:\/\/yoast.com\/wordpress\/plugins\/seo\/ -->\n<title>PRESTATIONS ET TARIFS - Flo Moncenis Photography<\/title>\n<meta name=\"robots\" content=\"index, follow, max-snippet:-1, max-image-preview:large, max-video-preview:-1\" \/>\n<link rel=\"canonical\" href=\"https:\/\/flomoncenis.com\/blog\/mariage\/prestations-et-tarifs\/\" \/>\n<meta property=\"og:locale\" content=\"fr_FR\" \/>\n<meta property=\"og:type\" content=\"article\" \/>\n<meta property=\"og:title\" content=\"PRESTATIONS ET TARIFS - Flo Moncenis Photography\" \/>\n<meta property=\"og:description\" content=\"PORTFOLIO APPROCHE STORIES PHOTO DIARY PRESTATIONS ET TARIFSTEMOIGNAGES ACCES CLIENTSREPORTAGE PHOTOS DE MARIAGE D\u00e9barrassons nous tout de suite de cette question qui emp\u00eache de penser \u00e0 l\u2019essentiel : le prix d\u2019un reportage d\u2019un mariage sur une journ\u00e9e est de 1 890 euros (hors frais de d\u00e9placement et h\u00e9bergement si le mariage se d\u00e9roule en dehors [&hellip;]\" \/>\n<meta property=\"og:url\" content=\"https:\/\/flomoncenis.com\/blog\/mariage\/prestations-et-tarifs\/\" \/>\n<meta property=\"og:site_name\" content=\"Flo Moncenis Photography\" \/>\n<meta property=\"article:modified_time\" content=\"2019-05-14T14:01:50+00:00\" \/>\n<meta name=\"twitter:card\" content=\"summary_large_image\" \/>\n<meta name=\"twitter:label1\" content=\"Dur\u00e9e de lecture estim\u00e9e\" \/>\n\t<meta name=\"twitter:data1\" content=\"6 minutes\" \/>\n<script type=\"application\/ld+json\" class=\"yoast-schema-graph\">{\"@context\":\"https:\/\/schema.org\",\"@graph\":[{\"@type\":\"WebPage\",\"@id\":\"https:\/\/flomoncenis.com\/blog\/mariage\/prestations-et-tarifs\/\",\"url\":\"https:\/\/flomoncenis.com\/blog\/mariage\/prestations-et-tarifs\/\",\"name\":\"PRESTATIONS ET TARIFS - Flo Moncenis Photography\",\"isPartOf\":{\"@id\":\"https:\/\/flomoncenis.com\/blog\/mariage\/#website\"},\"datePublished\":\"2019-05-10T15:35:04+00:00\",\"dateModified\":\"2019-05-14T14:01:50+00:00\",\"breadcrumb\":{\"@id\":\"https:\/\/flomoncenis.com\/blog\/mariage\/prestations-et-tarifs\/#breadcrumb\"},\"inLanguage\":\"fr-FR\",\"potentialAction\":[{\"@type\":\"ReadAction\",\"target\":[\"https:\/\/flomoncenis.com\/blog\/mariage\/prestations-et-tarifs\/\"]}]},{\"@type\":\"BreadcrumbList\",\"@id\":\"https:\/\/flomoncenis.com\/blog\/mariage\/prestations-et-tarifs\/#breadcrumb\",\"itemListElement\":[{\"@type\":\"ListItem\",\"position\":1,\"name\":\"Accueil\",\"item\":\"https:\/\/flomoncenis.com\/blog\/mariage\/\"},{\"@type\":\"ListItem\",\"position\":2,\"name\":\"PRESTATIONS ET TARIFS\"}]},{\"@type\":\"WebSite\",\"@id\":\"https:\/\/flomoncenis.com\/blog\/mariage\/#website\",\"url\":\"https:\/\/flomoncenis.com\/blog\/mariage\/\",\"name\":\"Flo Moncenis Photography\",\"description\":\"Flo Moncenis - photographe mariage, reportages photos\",\"potentialAction\":[{\"@type\":\"SearchAction\",\"target\":{\"@type\":\"EntryPoint\",\"urlTemplate\":\"https:\/\/flomoncenis.com\/blog\/mariage\/?s={search_term_string}\"},\"query-input\":\"required name=search_term_string\"}],\"inLanguage\":\"fr-FR\"}]}<\/script>\n<!-- \/ Yoast SEO plugin. -->","yoast_head_json":{"title":"PRESTATIONS ET TARIFS - Flo Moncenis Photography","robots":{"index":"index","follow":"follow","max-snippet":"max-snippet:-1","max-image-preview":"max-image-preview:large","max-video-preview":"max-video-preview:-1"},"canonical":"https:\/\/flomoncenis.com\/blog\/mariage\/prestations-et-tarifs\/","og_locale":"fr_FR","og_type":"article","og_title":"PRESTATIONS ET TARIFS - Flo Moncenis Photography","og_description":"PORTFOLIO APPROCHE STORIES PHOTO DIARY PRESTATIONS ET TARIFSTEMOIGNAGES ACCES CLIENTSREPORTAGE PHOTOS DE MARIAGE D\u00e9barrassons nous tout de suite de cette question qui emp\u00eache de penser \u00e0 l\u2019essentiel : le prix d\u2019un reportage d\u2019un mariage sur une journ\u00e9e est de 1 890 euros (hors frais de d\u00e9placement et h\u00e9bergement si le mariage se d\u00e9roule en dehors [&hellip;]","og_url":"https:\/\/flomoncenis.com\/blog\/mariage\/prestations-et-tarifs\/","og_site_name":"Flo Moncenis Photography","article_modified_time":"2019-05-14T14:01:50+00:00","twitter_card":"summary_large_image","twitter_misc":{"Dur\u00e9e de lecture estim\u00e9e":"6 minutes"},"schema":{"@context":"https:\/\/schema.org","@graph":[{"@type":"WebPage","@id":"https:\/\/flomoncenis.com\/blog\/mariage\/prestations-et-tarifs\/","url":"https:\/\/flomoncenis.com\/blog\/mariage\/prestations-et-tarifs\/","name":"PRESTATIONS ET TARIFS - Flo Moncenis Photography","isPartOf":{"@id":"https:\/\/flomoncenis.com\/blog\/mariage\/#website"},"datePublished":"2019-05-10T15:35:04+00:00","dateModified":"2019-05-14T14:01:50+00:00","breadcrumb":{"@id":"https:\/\/flomoncenis.com\/blog\/mariage\/prestations-et-tarifs\/#breadcrumb"},"inLanguage":"fr-FR","potentialAction":[{"@type":"ReadAction","target":["https:\/\/flomoncenis.com\/blog\/mariage\/prestations-et-tarifs\/"]}]},{"@type":"BreadcrumbList","@id":"https:\/\/flomoncenis.com\/blog\/mariage\/prestations-et-tarifs\/#breadcrumb","itemListElement":[{"@type":"ListItem","position":1,"name":"Accueil","item":"https:\/\/flomoncenis.com\/blog\/mariage\/"},{"@type":"ListItem","position":2,"name":"PRESTATIONS ET TARIFS"}]},{"@type":"WebSite","@id":"https:\/\/flomoncenis.com\/blog\/mariage\/#website","url":"https:\/\/flomoncenis.com\/blog\/mariage\/","name":"Flo Moncenis Photography","description":"Flo Moncenis - photographe mariage, reportages photos","potentialAction":[{"@type":"SearchAction","target":{"@type":"EntryPoint","urlTemplate":"https:\/\/flomoncenis.com\/blog\/mariage\/?s={search_term_string}"},"query-input":"required name=search_term_string"}],"inLanguage":"fr-FR"}]}},"_links":{"self":[{"href":"https:\/\/flomoncenis.com\/blog\/mariage\/wp-json\/wp\/v2\/pages\/2713"}],"collection":[{"href":"https:\/\/flomoncenis.com\/blog\/mariage\/wp-json\/wp\/v2\/pages"}],"about":[{"href":"https:\/\/flomoncenis.com\/blog\/mariage\/wp-json\/wp\/v2\/types\/page"}],"author":[{"embeddable":true,"href":"https:\/\/flomoncenis.com\/blog\/mariage\/wp-json\/wp\/v2\/users\/5"}],"replies":[{"embeddable":true,"href":"https:\/\/flomoncenis.com\/blog\/mariage\/wp-json\/wp\/v2\/comments?post=2713"}],"version-history":[{"count":22,"href":"https:\/\/flomoncenis.com\/blog\/mariage\/wp-json\/wp\/v2\/pages\/2713\/revisions"}],"predecessor-version":[{"id":3164,"href":"https:\/\/flomoncenis.com\/blog\/mariage\/wp-json\/wp\/v2\/pages\/2713\/revisions\/3164"}],"wp:attachment":[{"href":"https:\/\/flomoncenis.com\/blog\/mariage\/wp-json\/wp\/v2\/media?parent=2713"}],"curies":[{"name":"wp","href":"https:\/\/api.w.org\/{rel}","templated":true}]}}