{"id":1124,"date":"2017-04-28T15:52:56","date_gmt":"2017-04-28T14:52:56","guid":{"rendered":"https:\/\/flomoncenis.com\/blog\/mariage\/?page_id=1124"},"modified":"2019-05-10T20:56:10","modified_gmt":"2019-05-10T18:56:10","slug":"copyright-mentions-legales","status":"publish","type":"page","link":"https:\/\/flomoncenis.com\/blog\/mariage\/copyright-mentions-legales\/","title":{"rendered":"Copyright et mentions l\u00e9gales"},"content":{"rendered":"<p>[et_pb_section fb_built=\u00a0\u00bb1&Prime; _builder_version=\u00a0\u00bb3.22.3&Prime; saved_tabs=\u00a0\u00bball\u00a0\u00bb global_module=\u00a0\u00bb2523&Prime;][et_pb_row _builder_version=\u00a0\u00bb3.22.7&Prime;][et_pb_column type=\u00a0\u00bb3_5&Prime; _builder_version=\u00a0\u00bb3.22.7&Prime;][et_pb_image src=\u00a0\u00bbhttps:\/\/flomoncenis.com\/blog\/mariage\/wp-content\/uploads\/sites\/2\/2019\/05\/logovert.png\u00a0\u00bb url=\u00a0\u00bb@ET-DC@eyJkeW5hbWljIjp0cnVlLCJjb250ZW50IjoiaG9tZV91cmwiLCJzZXR0aW5ncyI6e319@\u00a0\u00bb _builder_version=\u00a0\u00bb3.22.7&Prime; _dynamic_attributes=\u00a0\u00bburl\u00a0\u00bb width=\u00a0\u00bb380px\u00a0\u00bb width_phone=\u00a0\u00bb360px\u00a0\u00bb width_last_edited=\u00a0\u00bbon|phone\u00a0\u00bb][\/et_pb_image][\/et_pb_column][et_pb_column type=\u00a0\u00bb1_5&Prime; _builder_version=\u00a0\u00bb3.22.7&Prime;][et_pb_image src=\u00a0\u00bbhttps:\/\/flomoncenis.com\/blog\/mariage\/wp-content\/uploads\/sites\/2\/2019\/05\/icone.png\u00a0\u00bb align=\u00a0\u00bbright\u00a0\u00bb disabled_on=\u00a0\u00bbon|off|off\u00a0\u00bb _builder_version=\u00a0\u00bb3.22.7&Prime; width=\u00a0\u00bb170px\u00a0\u00bb width_tablet=\u00a0\u00bb170px\u00a0\u00bb width_phone=\u00a0\u00bb170px\u00a0\u00bb width_last_edited=\u00a0\u00bbon|tablet\u00a0\u00bb custom_margin_phone=\u00a0\u00bb0px||31px|7px\u00a0\u00bb custom_margin_last_edited=\u00a0\u00bbon|desktop\u00a0\u00bb width__hover_enabled=\u00a0\u00bbon\u00a0\u00bb][\/et_pb_image][\/et_pb_column][et_pb_column type=\u00a0\u00bb1_5&Prime; _builder_version=\u00a0\u00bb3.22.7&Prime;][et_pb_text _builder_version=\u00a0\u00bb3.22.7&Prime; text_font=\u00a0\u00bbAbel||||||||\u00a0\u00bb text_font_size_last_edited=\u00a0\u00bbon|desktop\u00a0\u00bb header_font=\u00a0\u00bb||||||||\u00a0\u00bb custom_margin=\u00a0\u00bb|||-80px\u00a0\u00bb custom_margin_phone=\u00a0\u00bb-248px|||172px\u00a0\u00bb custom_margin_last_edited=\u00a0\u00bbon|phone\u00a0\u00bb]<\/p>\n<p><a href=\"https:\/\/flomoncenis.com\/blog\/mariage\/portfolio\/\">PORTFOLIO<\/a><br \/> <a href=\"https:\/\/flomoncenis.com\/blog\/mariage\/approche\/\">APPROCHE<\/a><br \/> <a href=\"https:\/\/flomoncenis.com\/blog\/mariage\/stories\/\">STORIES<\/a><br \/> <a href=\"https:\/\/flomoncenis.com\/blog\/mariage\/photo-diary\/\">PHOTO DIARY<\/a><br \/> <a href=\"https:\/\/flomoncenis.com\/blog\/mariage\/prestations-et-tarifs\/\">PRESTATIONS ET TARIFS<\/a><br \/> <a href=\"https:\/\/flomoncenis.com\/gallery\/\" target=\"_blank\" rel=\"noopener noreferrer\">ACCES CLIENTS<\/a><br \/> <a href=\"https:\/\/flomoncenis.com\/blog\/mariage\/temoignages\/\">TEMOIGNAGES<\/a><\/p>\n<p>[\/et_pb_text][\/et_pb_column][\/et_pb_row][\/et_pb_section][et_pb_section fb_built=\u00a0\u00bb1&Prime; admin_label=\u00a0\u00bbsection\u00a0\u00bb _builder_version=\u00a0\u00bb3.22.3&Prime;][et_pb_row _builder_version=\u00a0\u00bb3.22.7&Prime;][et_pb_column type=\u00a0\u00bb1_2&Prime; _builder_version=\u00a0\u00bb3.22.7&Prime;][et_pb_text _builder_version=\u00a0\u00bb3.22.7&Prime;]<\/p>\n<p><strong>Florence Moncenis &#8211; Photographe de Mariage<\/strong><\/p>\n<p>7 rue Adolphe Focillon, 75014 Paris<\/p>\n<p>T\u00e9l\u00e9phone : 06.32.84.58.79<\/p>\n<p>SIRET : 521 139 048 00016<\/p>\n<p>RM :\u00a0521 139 048 RM75<\/p>\n<p>APE : 7420Z<\/p>\n<p>[\/et_pb_text][\/et_pb_column][et_pb_column type=\u00a0\u00bb1_2&Prime; _builder_version=\u00a0\u00bb3.22.7&Prime;][et_pb_text _builder_version=\u00a0\u00bb3.22.7&Prime;]<\/p>\n<p><strong>H\u00e9bergeur<\/strong><\/p>\n<p>1&amp;1 Internet SARL<\/p>\n<p>7 place de la Gare, BP 70109, 57201 Sarreguemines Cedex<\/p>\n<p>T\u00e9l\u00e9phone : 0970 808 911<\/p>\n<p>SIRET 431 303 775 000 16<\/p>\n<p>APE : 6201Z<\/p>\n<p>[\/et_pb_text][\/et_pb_column][\/et_pb_row][et_pb_row _builder_version=\u00a0\u00bb3.22.7&Prime;][et_pb_column type=\u00a0\u00bb4_4&Prime; _builder_version=\u00a0\u00bb3.22.7&Prime;][et_pb_divider color=\u00a0\u00bb#D83931&Prime; _builder_version=\u00a0\u00bb3.22.7&Prime;][\/et_pb_divider][\/et_pb_column][\/et_pb_row][et_pb_row _builder_version=\u00a0\u00bb3.22.7&Prime;][et_pb_column type=\u00a0\u00bb4_4&Prime; _builder_version=\u00a0\u00bb3.22.7&Prime;][et_pb_text _builder_version=\u00a0\u00bb3.22.7&Prime;]<\/p>\n<p>Tous les contenus du site internet <a href=\"http:\/\/www.florencemoncenis.com\">www.florencemoncenis.com<\/a>\u00a0(photographies, textes e tlogo) sont la propri\u00e9t\u00e9 exclusive de Florence Moncenis.<\/p>\n<p>Toute reproduction, m\u00eame en partie, est interdite sans l&rsquo;autorisation \u00e9crite de Florence Moncenis.<\/p>\n<p>Tous droits r\u00e9serv\u00e9s 2019.<\/p>\n<p>\u00a9flomoncenis<\/p>\n<p>Pour toute demande, merci de contacter Florence Moncenis via la page de contact ou par mail \u00e0 <a href=\"mailto:contact@florence\">contact@florencemoncenis.com<\/a><\/p>\n<p>[\/et_pb_text][\/et_pb_column][\/et_pb_row][\/et_pb_section]<\/p>\n","protected":false},"excerpt":{"rendered":"<p>PORTFOLIO APPROCHE STORIES PHOTO DIARY PRESTATIONS ET TARIFS ACCES CLIENTS TEMOIGNAGESFlorence Moncenis &#8211; Photographe de Mariage 7 rue Adolphe Focillon, 75014 Paris T\u00e9l\u00e9phone : 06.32.84.58.79 SIRET : 521 139 048 00016 RM :\u00a0521 139 048 RM75 APE : 7420Z H\u00e9bergeur 1&amp;1 Internet SARL 7 place de la Gare, BP 70109, 57201 Sarreguemines Cedex T\u00e9l\u00e9phone : [&hellip;]<\/p>\n","protected":false},"author":1,"featured_media":0,"parent":0,"menu_order":0,"comment_status":"closed","ping_status":"closed","template":"","meta":{"_et_pb_use_builder":"on","_et_pb_old_content":"[flo_one_half padding=\"20px 20px 20px 20px\" class=\"\" ] <strong>Florence Moncenix - photographe de mariage<\/strong>\r\n\r\n7 rue Adolphe Focillon, 75014 Paris\r\n\r\nT\u00e9l\u00e9phone : 06.32.84.58.79\r\n\r\nSIRET : 521 139 048 00016\r\n\r\nRM : 521 139 048 RM75\r\n\r\nAPE : 7420Z\r\n\r\n[\/flo_one_half] [flo_one_half_last padding=\"20px 20px 20px 20px\" class=\"\" ] <strong>H\u00e9bergeur<\/strong>\r\n\r\n1&amp;1 Internet SARL\r\n\r\n7, place de la Gare, BP 70109, 57201 Sarreguemines Cedex\r\n\r\nT\u00e9l\u00e9phone : 0970 808 911\r\n\r\nSIRET 431 303 775 000 16\r\n\r\nAPE : 6201Z\r\n\r\n[\/flo_one_half_last]\r\n\r\n<hr \/>\r\n\r\nTous les contenus du site internet www.flomoncenis.com (photographies, textes et logo) sont la propri\u00e9t\u00e9 exclusive de Florence Moncenis.\r\nToute reproduction, m\u00eame en partie, est interdite sans l\u2019autorisation \u00e9crite de Florence Moncenis.\r\nTous droits r\u00e9serv\u00e9s 2017.\r\n\r\n\u00a9flomoncenis\r\n\r\nPour toute demande, merci de contacter Florence Moncenis via la page de contact ou par mail \u00e0 contact[@]flomoncenis.com","_et_gb_content_width":""},"yoast_head":"<!-- This site is optimized with the Yoast SEO plugin v19.8 - https:\/\/yoast.com\/wordpress\/plugins\/seo\/ -->\n<title>Copyright et mentions l\u00e9gales - Flo Moncenis Photography<\/title>\n<meta name=\"description\" content=\"Copyright Flo Moncenis photography et mentions l\u00e9gales du site internet Flo Moncenis Photography mariage pr\u00e9sent\u00e9s sur cette page\" \/>\n<meta name=\"robots\" content=\"index, follow, max-snippet:-1, max-image-preview:large, max-video-preview:-1\" \/>\n<link rel=\"canonical\" href=\"https:\/\/flomoncenis.com\/blog\/mariage\/copyright-mentions-legales\/\" \/>\n<meta property=\"og:locale\" content=\"fr_FR\" \/>\n<meta property=\"og:type\" content=\"article\" \/>\n<meta property=\"og:title\" content=\"Copyright et mentions l\u00e9gales - Flo Moncenis Photography\" \/>\n<meta property=\"og:description\" content=\"Copyright Flo Moncenis photography et mentions l\u00e9gales du site internet Flo Moncenis Photography mariage pr\u00e9sent\u00e9s sur cette page\" \/>\n<meta property=\"og:url\" content=\"https:\/\/flomoncenis.com\/blog\/mariage\/copyright-mentions-legales\/\" \/>\n<meta property=\"og:site_name\" content=\"Flo Moncenis Photography\" \/>\n<meta property=\"article:modified_time\" content=\"2019-05-10T18:56:10+00:00\" \/>\n<meta name=\"twitter:card\" content=\"summary_large_image\" \/>\n<meta name=\"twitter:label1\" content=\"Dur\u00e9e de lecture estim\u00e9e\" \/>\n\t<meta name=\"twitter:data1\" content=\"2 minutes\" \/>\n<script type=\"application\/ld+json\" class=\"yoast-schema-graph\">{\"@context\":\"https:\/\/schema.org\",\"@graph\":[{\"@type\":\"WebPage\",\"@id\":\"https:\/\/flomoncenis.com\/blog\/mariage\/copyright-mentions-legales\/\",\"url\":\"https:\/\/flomoncenis.com\/blog\/mariage\/copyright-mentions-legales\/\",\"name\":\"Copyright et mentions l\u00e9gales - Flo Moncenis Photography\",\"isPartOf\":{\"@id\":\"https:\/\/flomoncenis.com\/blog\/mariage\/#website\"},\"datePublished\":\"2017-04-28T14:52:56+00:00\",\"dateModified\":\"2019-05-10T18:56:10+00:00\",\"description\":\"Copyright Flo Moncenis photography et mentions l\u00e9gales du site internet Flo Moncenis Photography mariage pr\u00e9sent\u00e9s sur cette page\",\"breadcrumb\":{\"@id\":\"https:\/\/flomoncenis.com\/blog\/mariage\/copyright-mentions-legales\/#breadcrumb\"},\"inLanguage\":\"fr-FR\",\"potentialAction\":[{\"@type\":\"ReadAction\",\"target\":[\"https:\/\/flomoncenis.com\/blog\/mariage\/copyright-mentions-legales\/\"]}]},{\"@type\":\"BreadcrumbList\",\"@id\":\"https:\/\/flomoncenis.com\/blog\/mariage\/copyright-mentions-legales\/#breadcrumb\",\"itemListElement\":[{\"@type\":\"ListItem\",\"position\":1,\"name\":\"Accueil\",\"item\":\"https:\/\/flomoncenis.com\/blog\/mariage\/\"},{\"@type\":\"ListItem\",\"position\":2,\"name\":\"Copyright et mentions l\u00e9gales\"}]},{\"@type\":\"WebSite\",\"@id\":\"https:\/\/flomoncenis.com\/blog\/mariage\/#website\",\"url\":\"https:\/\/flomoncenis.com\/blog\/mariage\/\",\"name\":\"Flo Moncenis Photography\",\"description\":\"Flo Moncenis - photographe mariage, reportages photos\",\"potentialAction\":[{\"@type\":\"SearchAction\",\"target\":{\"@type\":\"EntryPoint\",\"urlTemplate\":\"https:\/\/flomoncenis.com\/blog\/mariage\/?s={search_term_string}\"},\"query-input\":\"required name=search_term_string\"}],\"inLanguage\":\"fr-FR\"}]}<\/script>\n<!-- \/ Yoast SEO plugin. -->","yoast_head_json":{"title":"Copyright et mentions l\u00e9gales - Flo Moncenis Photography","description":"Copyright Flo Moncenis photography et mentions l\u00e9gales du site internet Flo Moncenis Photography mariage pr\u00e9sent\u00e9s sur cette page","robots":{"index":"index","follow":"follow","max-snippet":"max-snippet:-1","max-image-preview":"max-image-preview:large","max-video-preview":"max-video-preview:-1"},"canonical":"https:\/\/flomoncenis.com\/blog\/mariage\/copyright-mentions-legales\/","og_locale":"fr_FR","og_type":"article","og_title":"Copyright et mentions l\u00e9gales - Flo Moncenis Photography","og_description":"Copyright Flo Moncenis photography et mentions l\u00e9gales du site internet Flo Moncenis Photography mariage pr\u00e9sent\u00e9s sur cette page","og_url":"https:\/\/flomoncenis.com\/blog\/mariage\/copyright-mentions-legales\/","og_site_name":"Flo Moncenis Photography","article_modified_time":"2019-05-10T18:56:10+00:00","twitter_card":"summary_large_image","twitter_misc":{"Dur\u00e9e de lecture estim\u00e9e":"2 minutes"},"schema":{"@context":"https:\/\/schema.org","@graph":[{"@type":"WebPage","@id":"https:\/\/flomoncenis.com\/blog\/mariage\/copyright-mentions-legales\/","url":"https:\/\/flomoncenis.com\/blog\/mariage\/copyright-mentions-legales\/","name":"Copyright et mentions l\u00e9gales - Flo Moncenis Photography","isPartOf":{"@id":"https:\/\/flomoncenis.com\/blog\/mariage\/#website"},"datePublished":"2017-04-28T14:52:56+00:00","dateModified":"2019-05-10T18:56:10+00:00","description":"Copyright Flo Moncenis photography et mentions l\u00e9gales du site internet Flo Moncenis Photography mariage pr\u00e9sent\u00e9s sur cette page","breadcrumb":{"@id":"https:\/\/flomoncenis.com\/blog\/mariage\/copyright-mentions-legales\/#breadcrumb"},"inLanguage":"fr-FR","potentialAction":[{"@type":"ReadAction","target":["https:\/\/flomoncenis.com\/blog\/mariage\/copyright-mentions-legales\/"]}]},{"@type":"BreadcrumbList","@id":"https:\/\/flomoncenis.com\/blog\/mariage\/copyright-mentions-legales\/#breadcrumb","itemListElement":[{"@type":"ListItem","position":1,"name":"Accueil","item":"https:\/\/flomoncenis.com\/blog\/mariage\/"},{"@type":"ListItem","position":2,"name":"Copyright et mentions l\u00e9gales"}]},{"@type":"WebSite","@id":"https:\/\/flomoncenis.com\/blog\/mariage\/#website","url":"https:\/\/flomoncenis.com\/blog\/mariage\/","name":"Flo Moncenis Photography","description":"Flo Moncenis - photographe mariage, reportages photos","potentialAction":[{"@type":"SearchAction","target":{"@type":"EntryPoint","urlTemplate":"https:\/\/flomoncenis.com\/blog\/mariage\/?s={search_term_string}"},"query-input":"required name=search_term_string"}],"inLanguage":"fr-FR"}]}},"_links":{"self":[{"href":"https:\/\/flomoncenis.com\/blog\/mariage\/wp-json\/wp\/v2\/pages\/1124"}],"collection":[{"href":"https:\/\/flomoncenis.com\/blog\/mariage\/wp-json\/wp\/v2\/pages"}],"about":[{"href":"https:\/\/flomoncenis.com\/blog\/mariage\/wp-json\/wp\/v2\/types\/page"}],"author":[{"embeddable":true,"href":"https:\/\/flomoncenis.com\/blog\/mariage\/wp-json\/wp\/v2\/users\/1"}],"replies":[{"embeddable":true,"href":"https:\/\/flomoncenis.com\/blog\/mariage\/wp-json\/wp\/v2\/comments?post=1124"}],"version-history":[{"count":3,"href":"https:\/\/flomoncenis.com\/blog\/mariage\/wp-json\/wp\/v2\/pages\/1124\/revisions"}],"predecessor-version":[{"id":2862,"href":"https:\/\/flomoncenis.com\/blog\/mariage\/wp-json\/wp\/v2\/pages\/1124\/revisions\/2862"}],"wp:attachment":[{"href":"https:\/\/flomoncenis.com\/blog\/mariage\/wp-json\/wp\/v2\/media?parent=1124"}],"curies":[{"name":"wp","href":"https:\/\/api.w.org\/{rel}","templated":true}]}}